5
What is the millions digit of 50484416?
0
What is the millions digit of 882122733?
2
What is the hundreds digit of 2129330591?
5
What is the ten thousands digit of 65674396?
7
What is the thousands digit of 11366958?
6
What is the millions digit of 7050965?
7
What is the ten thousands digit of 1480869?
8
What is the hundred thousands digit of 361493840?
4
What is the hundred millions digit of 5375910971?
3
What is the hundreds digit of 1569942364?
3
What is the millions digit of 73340704?
3
What is the ten thousands digit of 39760840?
6
What is the millions digit of 114824503?
4
What is the ten millions digit of 973382711?
7
What is the millions digit of 1747547415?
7
What is the ten thousands digit of 311987?
1
What is the hundreds digit of 29259592?
5
What is the thousands digit of 2710975553?
5
What is the ten millions digit of 412674239?
1
What is the hundreds digit of 170221524?
5
What is the hundreds digit of 310946?
9
What is the tens digit of 1282038?
3
What is the units digit of 171654793?
3
What is the millions digit of 125538241?
5
What is the hundred thousands digit of 296093?
2
What is the ten millions digit of 8842902945?
4
What is the ten millions digit of 216656864?
1
What is the units digit of 5137657790?
0
What is the millions digit of 174760402?
4
What is the hundred thousands digit of 38331965?
3
What is the thousands digit of 2287180?
7
What is the hundred millions digit of 3131055819?
1
What is the millions digit of 50546130?
0
What is the hundreds digit of 134029690?
6
What is the hundreds digit of 192716911?
9
What is the millions digit of 147322296?
7
What is the units digit of 1228573547?
7
What is the billions digit of 1201210721?
1
What is the ten millions digit of 4621798168?
2
What is the tens digit of 468553207?
0
What is the hundred millions digit of 104892200?
1
What is the hundred millions digit of 1778585598?
7
What is the hundreds digit of 1266870432?
4
What is the hundred thousands digit of 5997770?
9
What is the hundred millions digit of 784415429?
7
What is the tens digit of 102482732?
3
What is the hundred thousands digit of 50184127?
1
What is the hundreds digit of 97062296?
2
What is the hundreds digit of 29348738?
7
What is the tens digit of 18519480?
8
What is the hundred thousands digit of 18064120?
0
What is the hundreds digit of 613688601?
6
What is the ten millions digit of 171823674?
7
What is the hundred thousands digit of 569288643?
2
What is the hundred thousands digit of 4071880015?
8
What is the hundred thousands digit of 6412509330?
5
What is the tens digit of 88075996?
9
What is the hundred thousands digit of 2040224?
0
What is the hundred millions digit of 414946528?
4
What is the hundred thousands digit of 89909451?
9
What is the units digit of 4791006?
6
What is the millions digit of 39054522?
9
What is the tens digit of 111676361?
6
What is the ten millions digit of 78950650?
7
What is the tens digit of 48924066?
6
What is the units digit of 308504789?
9
What is the tens digit of 94859159?
5
What is the millions digit of 386037391?
6
What is the ten millions digit of 149787748?
4
What is the billions digit of 2603752885?
2
What is the units digit of 894940880?
0
What is the hundreds digit of 12112657?
6
What is the ten thousands digit of 460472021?
7
What is the ten millions digit of 100802476?
0
What is the ten millions digit of 362339103?
6
What is the ten millions digit of 292521768?
9
What is the hundred millions digit of 120009881?
1
What is the tens digit of 962357164?
6
What is the hundreds digit of 227123021?
0
What is the ten thousands digit of 737501143?
0
What is the hundred millions digit of 856441976?
8
What is the hundred thousands digit of 363307754?
3
What is the hundred thousands digit of 641057861?
0
What is the hundred thousands digit of 1207594851?
5
What is the ten millions digit of 114521559?
1
What is the units digit of 4616385393?
3
What is the hundreds digit of 4673143980?
9
What is the hundreds digit of 127317205?
2
What is the hundreds digit of 162182286?
2
What is the tens digit of 2230811?
1
What is the tens digit of 165120674?
7
What is the units digit of 135954336?
6
What is the tens digit of 2230009453?
5
What is the tens digit of 7245277828?
2
What is the millions digit of 55160709?
5
What is the hundreds digit of 1282378594?
5
What is the ten millions digit of 2102143333?
0
What is the thousands digit of 616639359?
9
What is the hundred millions digit of 3716775357?
7
What is the hundred thousands digit of 725095523?
0
What is the millions digit of 485673787?
5
What is the hundred thousands digit of 642453686?
4
What is the hundred thousands digit of 61204508?
2
What is the hundred thousands digit of 4650202327?
2
What is the units digit of 57846486?
6
What is the thousands digit of 1215869054?
9
What is the hundreds digit of 1008422885?
8
What is the hundreds digit of 1549903584?
5
What is the hundred thousands digit of 4311324619?
3
What is the ten millions digit of 71820094?
7
What is the ten thousands digit of 40243628?
4
What is the tens digit of 1641649055?
5
What is the ten millions digit of 950474780?
5
What is the thousands digit of 12056051?
6
What is the thousands digit of 91499068?
9
What is the thousands digit of 87376044?
6
What is the tens digit of 1404551?
5
What is the thousands digit of 243512167?
2
What is the units digit of 702356663?
3
What is the hundreds digit of 26905442?
4
What is the ten millions digit of 102141020?
0
What is the millions digit of 1233562706?
3
What is the tens digit of 62940422?
2
What is the hundreds digit of 185703670?
6
What is the hundred thousands digit of 2151214749?
2
What is the millions digit of 31762461?
1
What is the thousands digit of 127847130?
7
What is the ten thousands digit of 71054877?
5
What is the hundred millions digit of 273441827?
2
What is the millions digit of 201501867?
1
What is the hundreds digit of 59578410?
4
What is the hundred millions digit of 736538550?
7
What is the millions digit of 542898549?
2
What is the units digit of 1406516805?
5
What is the tens digit of 42517673?
7
What is the tens digit of 14394605?
0
What is the hundreds digit of 23156236?
2
What is the tens digit of 361225378?
7
What is the ten millions digit of 48911569?
4
What is the units digit of 3790992114?
4
What is the hundreds digit of 1112639678?
6
What is the ten thousands digit of 7313946757?
4
What is the ten millions digit of 143015451?
4
What is the units digit of 80852355?
5
What is the tens digit of 59994616?
1
What is the hundreds digit of 186236499?
4
What is the tens digit of 443785517?
1
What is the tens digit of 194548262?
6
What is the hundred thousands digit of 74090819?
0
What is the tens digit of 66982191?
9
What is the thousands digit of 89939389?
9
What is the units digit of 205740455?
5
What is the ten millions digit of 38705640?
3
What is the ten thousands digit of 394876067?
7
What is the ten thousands digit of 2678957458?
5
What is the hundred thousands digit of 1321676924?
6
What is the tens digit of 254715307?
0
What is the hundred millions digit of 115705857?
1
What is the ten thousands digit of 34573886?
7
What is the ten thousands digit of 52734021?
3
What is the hundred millions digit of 167590911?
1
What is the ten millions digit of 2680107881?
8
What is the thousands digit of 92669848?
9
What is the ten thousands digit of 250650125?
5
What is the hundred millions digit of 1011725767?
0
What is the ten thousands digit of 5161187406?
8
What is the ten millions digit of 103459711?
0
What is the hundred thousands digit of 251149628?
1
What is the hundreds digit of 920442313?
3
What is the tens digit of 617743589?
8
What is the hundreds digit of 354851751?
7
What is the millions digit of 1536658265?
6
What is the hundreds digit of 1381292201?
2
What is the hundreds digit of 85470547?
5
What is the units digit of 32641930?
0
What is the hundreds digit of 51061633?
6
What is the millions digit of 5160297164?
0
What is the thousands digit of 19453294?
3
What is the hundreds digit of 246739210?
2
What is the hundred thousands digit of 395739705?
7
What is the ten millions digit of 992638711?
9
What is the units digit of 454179389?
9
What is the thousands digit of 62716391?
6
